s 50640904 a multiple of 853?
True
Is 1432900 a multiple of 23?
True
Is 11526309 a multiple of 1361?
True
Is 88364551 a multiple of 15?
False
Is 31759666 a multiple of 1308?
False
Is 12904424 a multiple of 504?
False
Is 3338264914 a multiple of 19?
False
Is 1430 a factor of 94999190?
True
Does 149 divide 64238606?
False
Is 423817947 a multiple of 39?
False
Is 22 a factor of 354923108?
False
Does 60 divide 21582448?
False
Is 1038541057 a multiple of 397?
False
Does 1070 divide 806817338?
False
Is 89 a factor of 73542874?
False
Does 53 divide 506001494?
True
Is 4100 a factor of 746010124?
False
Is 432542602 a multiple of 5?
False
Is 19195600 a multiple of 400?
True
Is 1815 a factor of 38430364?
False
Does 11 divide 14846106?
True
Does 17 divide 3260821493?
True
Does 753 divide 15339953?
False
Is 1037950743 a multiple of 10?
False
Does 15 divide 57941276?
False
Is 311 a factor of 177165193?
True
Is 15163173 a multiple of 9?
True
Is 3021645 a multiple of 55?
True
Is 775 a factor of 1154832925?
True
Does 1636 divide 194067228?
True
Is 1064351115 a multiple of 1003?
False
Is 2295597589 a multiple of 5252?
False
Does 8 divide 20172118?
False
Does 8698 divide 549574432?
True
Does 16 divide 27617849?
False
Is 47584230 a multiple of 645?
True
Is 14151445 a multiple of 2065?
True
Does 158 divide 806922954?
False
Does 147 divide 455022922?
False
Is 6714 a factor of 1272538673?
False
Is 12432357 a multiple of 228?
False
Is 32699722 a multiple of 418?
True
Does 1460 divide 351555365?
False
Is 318 a factor of 81291749?
False
Is 757539951 a multiple of 49?
True
Does 87 divide 25537114?
False
Is 30099928 a multiple of 376?
True
Is 2072501475 a multiple of 10?
False
Is 1442 a factor of 46462989?
False
Is 1560584040 a multiple of 12?
True
Is 2091 a factor of 48413629?
False
Does 13 divide 1102100246?
True
Does 1181 divide 11934005?
True
Does 168 divide 110426475?
False
Is 29 a factor of 382826854?
True
Does 221 divide 14516164?
True
Does 998 divide 15175588?
True
Is 9964107 a multiple of 11?
False
Does 20 divide 7693310?
False
Does 12 divide 38076116?
False
Does 55 divide 380921184?
False
Is 336 a factor of 54451824?
True
Is 14 a factor of 440654609?
False
Does 788 divide 1035560714?
False
Is 186754607 a multiple of 21?
False
Does 701 divide 4065857482?
True
Does 1222 divide 2586761407?
False
Is 86175358 a multiple of 502?
False
Is 36265964 a multiple of 1249?
True
Is 35 a factor of 17824730?
True
Is 4793 a factor of 105949265?
True
Is 29 a factor of 3407310534?
False
Does 87 divide 142182360?
True
Does 15 divide 44913525?
True
Does 19 divide 167842295?
True
Does 642 divide 36879972?
False
Is 28 a factor of 121813272?
True
Is 24876186 a multiple of 159?
True
Is 245161748 a multiple of 26?
True
Is 9881142 a multiple of 43?
True
Does 2153 divide 182794006?
True
Does 8 divide 259424?
True
Is 7 a factor of 8252143?
False
Does 14 divide 6519416978?
False
Is 213214163 a multiple of 13?
False
Is 274051444 a multiple of 1696?
False
Does 1427 divide 200854829?
False
Is 3193353 a multiple of 2?
False
Is 91 a factor of 119187796?
True
Is 9 a factor of 24909939?
True
Is 354 a factor of 10369014?
True
Is 650 a factor of 3822777400?
True
Is 269293086 a multiple of 3470?
False
Is 51186511 a multiple of 10?
False
Is 592671905 a multiple of 861?
False
Is 20379660 a multiple of 30?
True
Does 11 divide 173395893?
True
Does 47 divide 9640120?
False
Is 36 a factor of 2835679?
False
Is 2256915756 a multiple of 2644?
True
Does 52 divide 2488178701?
False
Does 98 divide 426307546?
True
Does 3 divide 14502606?
True
Is 106 a factor of 4785345184?
False
Does 6 divide 2811210486?
True
Is 3115887993 a multiple of 69?
True
Is 357079635 a multiple of 99?
True
Is 13721835 even?
False
Is 469326910 a multiple of 5?
True
Does 183 divide 155085363?
True
Does 18 divide 349899084?
True
Is 100313538 a multiple of 58?
False
Does 12 divide 58865193?
False
Is 50 a factor of 326983176?
False
Is 62155422 a multiple of 9?
True
Is 390052544 a multiple of 1568?
True
Is 233666624 a multiple of 4400?
False
Is 7 a factor of 85595057?
False
Does 1707 divide 75580320?
False
Does 132 divide 126864708?
False
Is 222148099 a multiple of 43?
False
Does 16 divide 683955315?
False
Is 18571150 a multiple of 325?
True
Does 168 divide 66362778?
False
Does 5821 divide 485413190?
True
Does 14 divide 119063938?
True
Is 197 a factor of 2696169701?
False
Is 3448 a factor of 1783274568?
True
Is 57010429 a multiple of 1736?
False
Does 77 divide 3798949?
True
Does 8427 divide 227888550?
False
Is 5242 a factor of 3951222395?
False
Is 29 a factor of 26037232?
False
Is 70 a factor of 43806350?
True
Is 453 a factor of 4133625?
True
Is 15 a factor of 52046814?
False
Is 31488831 a multiple of 647?
False
Is 52 a factor of 442031564?
True
Does 39 divide 256069897?
False
Does 24 divide 7407356?
False
Is 6 a factor of 268050858?
True
Does 22 divide 176934406?
True
Is 56202595 a multiple of 41?
True
Does 3 divide 510953603?
False
Is 46 a factor of 17198040?
False
Is 246513600 a multiple of 3825?
True
Is 6 a factor of 39858054?
True
Does 41 divide 34265506?
False
Does 184 divide 2745274112?
True
Does 45 divide 202640550?
False
Is 3 a factor of 209467083?
True
Is 1113766230 a multiple of 4551?
True
Is 5171220 a multiple of 36?
True
Is 497062098 a multiple of 26?
True
Is 6879 a factor of 1688581251?
True
Is 188329242 a multiple of 1163?
True
Does 82 divide 908421502?
True
Is 56204960 a multiple of 280?
True
Is 84 a factor of 1623730?
False
Does 647 divide 686045696?
False
Is 28369224 a multiple of 117?
True
Is 3 a factor of 1028330031?
True
Is 180 a factor of 145359180?
True
Is 24 a factor of 7318224?
True
Is 21864771 a multiple of 36?
False
Is 22446106 a multiple of 779?
True
Is 2053 a factor of 3503454765?
True
Does 2 divide 49742533?
False
Is 35650880 a multiple of 160?
True
Does 114 divide 250673435?
False
Is 512867691 a multiple of 21?
True
Does 8 divide 139294250?
False
Is 783 a factor of 1036929290?
False
Is 17381569 a multiple of 17?
False
Is 7380433 even?
False
Does 563 divide 66830910?
False
Is 456172303 a multiple of 47?
False
Is 1456296700 a multiple of 45?
False
Does 44 divide 13325048?
True
Is 32 a factor of 30599723?
False
Is 204 a factor of 21498540?
True
Does 55 divide 30130100?
True
Does 1281 divide 76411527?
False
Is 1082 a factor of 889318522?
True
Is 225 a factor of 29660175?
True
Does 52 divide 155139556?
True
Is 299333188 a multiple of 219?
False
Is 4839656664 a multiple of 12?
True
Is 16770522 a multiple of 218?
True
Is 31742881 a multiple of 272?
False
Is 1107877731 a multiple of 706?
False
Is 1726 a factor of 14847828?
False
Is 57002267 a multiple of 499?
True
Is 906 a factor of 197862246?
True
Does 56 divide 19447736?
True
Is 31 a factor of 316205549?
True
Does 612 divide 6487200?
True
Is 155 a factor of 1019486003?
False
Is 5 a factor of 25640120?
True
Does 3192 divide 136968720?
True
Is 6609 a factor of 1705921689?
True
Is 6 a factor of 2136086?
False
Is 874294870 a multiple of 10?
True
Is 52 a factor of 3249532?
True
Does 11 divide 120184306?
True
Is 11 a factor of 118253058?
True
Is 196 a factor of 65513137?
False
Does 34 divide 4679171?
False
Does 1759 divide 226897470?
False
Is 565 a factor of 181692411?
False
Is 352 a factor of 42200185?
False
Is 2850 a factor of 98940600?
True
Is 12 a factor of 46125876?
True
Is 652 a factor of 418790684?
True
Is 1644930 a multiple of 9?
True
Does 609 divide 47124403?
False
Is 1357972057 a multiple of 13?
True
Does 37 divide 1122102259?
False
Is 196 a factor of 475839784?
True
Is 14 a factor of 1314109175?
False
Does 2648 divide 25404912?
True
Is 573 a factor of 14974018?
False
Is 55 a factor of 402777705?
True
Is 6548761 a multiple of 181?
True
Does 2 divide 186053709?
False
Is 136470968 a multiple of 68?
True
Is 6447391 a multiple of 28?
False
Is 70567200 a multiple of 864?
True
Does 1252 divide 80627548?
True
Is 43188503 a multiple of 470?
False
Is 756 a factor of 132098886?
False
Is 135754878 a multiple of 22?
False
Is 648 a factor of 29632392?
True
Does 6 divide 7563119?
False
Is 1485203649 a multiple of 97?
False
Is 3019 a factor of 120201485?
True
Is 286 a factor of 105059526?
True
Is 7 a factor of 33983081?
False
Is 47 a factor of 31938286?
True
Does 133 divide 99